emainder when l is divided by (-2)/4 + (-9)/(-2).
3
Let k(b) = 3*b - 6. Suppose 4*h - 7 = 13. Let s be k(h). Suppose 5*o - 2*m + m - 48 = 0, 0 = 3*m + s. Calculate the remainder when 17 is divided by o.
8
Suppose -n = -3*n + 2*f + 16, -4*n + 2 = 2*f. Let s(j) = n + 3*j + 4*j + 8*j**2 - j + j**3. Calculate the remainder when 28 is divided by s(-7).
8
Let h(r) = 3*r**2 + 3*r - 3. What is the remainder when -14*(-3 - -1)*1 is divided by h(2)?
13
Suppose 6 - 2 = 2*i. Suppose 0 = 3*d - 13 - i. What is the remainder when 8 is divided by d?
3
Let j be 1 - (0 + -4 - 0). Suppose 3*d + j = -5*n - 2*d, 0 = -5*d - 20. What is the remainder when 4 is divided by n?
1
Suppose 0 = 5*p - 4*c - 113, -2*p + 5*c - 32 = -4*p. Suppose 30*s - 82 = 98. What is the remainder when p is divided by s?
3
Let b(q) = -8*q**2 - q - 1. Let y be b(-1). Calculate the remainder when 24 is divided by (-3)/3*y - -1.
6
Suppose 490 = -3*r + 52*r. What is the remainder when r is divided by (-50)/(-8) + (-2)/8?
4
Let k be -11 - -9 - 3/1. Let f = 5 - k. What is the remainder when 27 is divided by f?
7
Suppose -7*m - 31 = -10. Let y(t) be the second derivative of -t**3 - 2*t**2 + t. What is the remainder when 26 is divided by y(m)?
12
Let x(k) = -k**3 - k**3 + 3*k**3 - 1 - k + k**2. Let z be x(-1). Suppose 0 = 4*b + 5*w - 53, -b + z*b + w = -11. What is the remainder when 23 is divided by b?
11
Let o(k) = 2*k + 13. Calculate the remainder when 60 is divided by o(4).
18
Let o(x) = 4*x. Suppose -4*g = -3*m - 8, -g + 2*m = -2*m - 15. Let k be o(g). Let l = 22 - k. What is the remainder when l is divided by 7?
5
Let x(z) = 5*z + 3*z + z**2 + 10 + z. What is the remainder when 2 is divided by x(-8)?
0
Let y = -27 + 43. Suppose 4*t + 7*d = 2*d + 11, -t + 3*d = -24. What is the remainder when y is divided by t?
7
Suppose -5*y - 5*z + 91 = -2*z, 0 = -3*y + 2*z + 47. Suppose 3*c = -t - 2, -t + 5*c + 7 + 23 = 0. Calculate the remainder when y is divided by t.
7
Let a = -8 - -45. Let p = -21 - -34. Calculate the remainder when a is divided by p.
11
Let x = -104 - -197. What is the remainder when x is divided by 32?
29
Suppose j = 2*c + 26, -5*j + 13 = 2*c - 93. Calculate the remainder when 40 is divided by j.
18
Let j(d) = -2*d**2 + 2*d + 4. Let p be j(6). Let o = -38 - p. What is the remainder when 69 is divided by o?
15
Suppose 2*t + 160 = 7*t. Calculate the remainder when t is divided by 17.
15
Suppose j - 65 = -4*j + 3*i, j - 6 = 2*i. Calculate the remainder when 44 is divided by j.
12
Suppose 4*r - 155 = 97. What is the remainder when r is divided by 33?
30
Let h be ((-1)/2)/((-4)/8). Let w = h - -3. Let m = 8 + -5. What is the remainder when w is divided by m?
1
Let v(h) = h**2 - 8*h + 5. Let p be v(7). Let u(q) be the second derivative of -q**3 - q. What is the remainder when 35 is divided by u(p)?
11
Let h = -15 - -34. What is the remainder when h is divided by 11?
8
Let c(w) = -3*w**2 + 2*w - 1. Let b be c(1). Let a = 12 - 11. Calculate the remainder when a is divided by 2/((b*1)/(-1)).
0
Suppose -5*n + 13*n = 24. Calculate the remainder when n is divided by 2.
1
Let i(s) = -s**3 - 6*s**2 + 6*s - 3. Let c be i(-7). Suppose -c*a - 3 = -31. What is the remainder when 11 is divided by a?
4
Let v be 1 + (-2)/(2/(-109)). Suppose v = 2*w - 16. What is the remainder when w is divided by 13?
11
Let p be 1 - (-66)/(0 + 1). Let d(g) = g**3 - 3*g**2 - 4*g - 2. Let b be d(-3). Let u = p + b. What is the remainder when u is divided by 12?
11
Suppose s - 4*s + 27 = 0. Calculate the remainder when 17 is divided by s.
8
Let j = -1 - -15. Suppose 0 = 3*v - 2*d - 0*d - 172, 0 = -5*d - 25. What is the remainder when v is divided by j?
12
Let h(b) = b**2 + 9*b + 5. Let q be h(-8). What is the remainder when 13 is divided by 7*-3*1/q?
6
Let w = 182 - 174. Calculate the remainder when 38 is divided by w.
6
Suppose -864 = 12*k - 28*k. What is the remainder when k is divided by 28?
26
Let m be 5*((-3)/5 - -1). Suppose 3*y + 3 = y - 5*n, -4*n - 6 = -2*y. Let v = y + m. What is the remainder when 7 is divided by v?
1
Suppose -4*r = -r - 303. Suppose -3*f - 16 = r. What is the remainder when 13 is divided by -3*(2 - f/(-9))?
6
Suppose -5*d = -5 - 10. Suppose d*i + 15 = -r, 0 = -3*i + 3*r - 19 - 8. Let v(g) = -g**2 - 7*g + 5. What is the remainder when 21 is divided by v(i)?
10
Let i(a) = -15*a**2 + a + 6. Let l(d) = 30*d**2 - 2*d - 13. Let v(x) = -13*i(x) - 6*l(x). Calculate the remainder when 41 is divided by v(1).
13
Let u = -2 - -1. Let v = u + 0. What is the remainder when 22 is divided by ((-6)/v)/(-3) - -10?
6
Let t = 0 - 0. Let i = -2 - -15. Suppose 2*a - 10 = -2*v, t*v - 5*v + a = -i. What is the remainder when 8 is divided by v?
2
Suppose w = 6*a - a - 41, -3*a = 3*w - 21. Suppose -a = 2*i + 5*l, 2*i + 2*i = 4*l - 72. Let p = i - -24. What is the remainder when p is divided by 6?
4
Let g be 10/14 - 8/(-28). Let c = g + 7. Calculate the remainder when ((-4)/c)/((-2)/160) is divided by 14.
12
Let x(t) = t**2 + 2*t + 3. Let l be x(-2). Suppose -4*p = -3*g + 19 + 15, 5*g + l*p - 105 = 0. What is the remainder when ((-212)/6)/(4/(-6)) is divided by g?
17
Let d be (-114)/4*4/(-3). Let v = d - 11. Calculate the remainder when v is divided by 15.
12
Suppose 1662 + 60 = 14*y. What is the remainder when y is divided by 25?
23
Suppose -5*z + 324 = -2*z. Suppose -6*l = -10*l + z. What is the remainder when l is divided by 7?
6
Let w = 21 - 12. Let y(p) = p**3 - 10*p**2 + 12*p + 7. What is the remainder when y(w) is divided by 9?
7
Let v(n) = 2*n - 3. Let t(m) = 11*m - 19. Let o(r) = 6*t(r) - 34*v(r). What is the remainder when 5 is divided by o(-8)?
1
Suppose -u = -0*u - 3. What is the remainder when 4 is divided by u?
1
Let l = -32 + 47. Let q = 72 - 44. Calculate the remainder when q is divided by l.
13
Let i be (1 + 1)*(-3)/(-1). Let y = 9 + i. Calculate the remainder when y is divided by 4.
3
Let o(y) = -7*y - 16. What is the remainder when o(-7) is divided by 17?
16
Suppose 2*q - 8 - 18 = -2*r, 2*q + r - 27 = 0. Suppose 0 = 5*l + 25, -7*m + 2*m = 4*l. Suppose v - q = m. What is the remainder when 53 is divided by v?
17
Let d(c) = -3*c + 11. Let r be d(-10). Let i = -18 + r. Calculate the remainder when i is divided by 12.
11
Let w be ((3 - -9)*1)/1. Suppose 6*t - 15 = -5*j + t, w = j - 2*t. What is the remainder when j is divided by 4?
2
Suppose -10 = -5*t + 4*t + 2*g, -15 = -2*t + 5*g. What is the remainder when 59 is divided by t?
19
Suppose -3*c + 4*k = 2*k - 119, -3*k = -6. Suppose -2*q = 3*q. Suppose -d + 15 + 7 = q. Calculate the remainder when c is divided by d.
19
Let z(q) = q**3 - 12*q**2 + 11*q + 13. Let m = -2 - -5. Suppose -m*v + b = -36, -5*v - 2*b = -13 - 36. Calculate the remainder when z(v) is divided by 7.
6
Let a(c) = c**2 + 4*c - 30. Calculate the remainder when 147 is divided by a(-10).
27
Let s(c) = -c**2 - 9*c + 8. Let p be s(-7). Calculate the remainder when p + 3/(-6)*2 is divided by 8.
5
Suppose 4*s = -4*w - 8, 3*s - w - 34 = 4*w. Suppose 4*u - 38 = 5*y, -u + 5*u - y = 30. Suppose -s*h = -u*h + 52. What is the remainder when h is divided by 5?
3
Let j(n) = -n**3 - 24*n**2 + 23*n - 18. Calculate the remainder when j(-25) is divided by 12.
8
Suppose -2*b - 174 = 4. Let i = b + 35. Let p = i - -85. What is the remainder when p is divided by 11?
9
Let r(x) = -x**3 + 7*x**2 + 2*x - 7. Let k be r(7). Let o = k + 7. What is the remainder when o is divided by (4/4)/1*5?
4
Let z(m) be the third derivative of 0 + 5/3*m**3 - 1/10*m**5 + 5/12*m**4 - 1/120*m**6 + 0*m + 3*m**2. What is the remainder when z(-8) is divided by 20?
18
Suppose 340 = 5*d + 4*t, d - t - 14 = 54. What is the remainder when d is divided by 18?
14
Let t be 8 - (-3)/(3/2). Calculate the remainder when 46 is divided by 162/t + (-1)/5.
14
Suppose k + 3*b = 6, -5*k + b = -0*b - 78. Calculate the remainder when (2/(-6))/(2/(-174)) is divided by k.
14
Let p be (-7)/2*(0 + 2). Let l(y) = 3*y**2 - 2*y**2 + y**2 + 0*y**2 + 11*y + 6. Calculate the remainder when l(p) is divided by 14.
13
Suppose 4*c = 0, -5*p + 0*c + 100 = -4*c. Suppose -2*n - 8 = -n. Let y = 19 + n. Calculate the remainder when p is divided by y.
9
Let w(y) = y**3 + 8*y**2 - 4*y + 1. Let j be w(-10). Let z be -3*(j*1)/(-3). Calculate the remainder when 24 is divided